 - 47. Is 2 a factor of (-111)/(-21) + 6/l?
False
Let n = 151 + -340. Let g(z) = z**2 - 7*z - 1. Let p be g(5). Is n/p - 8/44 a multiple of 14?
False
Let a(f) = 12*f**2 - f. Let k be a(1). Suppose 5*o + k = -5*t + 41, 4*o = 16. Suppose -t*d = 2*d - 12. Is 2 a factor of d?
False
Let h(b) = 5*b + 15. Is 20 a factor of h(9)?
True
Suppose -5*f + 2*l = -36, 0 = -3*f + 2*l + 16 + 8. Suppose -z = 2*z + f. Is 11 a factor of 10 + 3 + z + 0?
True
Suppose -180 = -4*a - t, t = a + 4*t - 56. Let g = a - -1. Is g a multiple of 15?
True
Suppose -5*p - 14 = -2*y, 0 = y - 4*y - p + 38. Is 7 a factor of (9 - y) + 1*31?
True
Suppose 2*g - 2 = 5*w + 7, 0 = g + w - 8. Let a(f) be the second derivative of f**4/12 - 5*f**3/6 - 2*f**2 - f. Is a(g) a multiple of 9?
False
Let i = 118 + -85. Does 11 divide i?
True
Let c(u) = -u**3 - 5*u**2 - 2*u + 3. Let z(h) = -h**2 - 7*h + 13. Let b be z(-9). Is c(b) a multiple of 6?
False
Let k = -40 - -98. Is 24 a factor of k?
False
Does 20 divide 1 + (45 - -2) + 0?
False
Let z(x) = x - 3. Let q be z(5). Suppose u - 195 = -q*u. Is 13 a factor of u?
True
Let x(n) = n + 12. Let l be x(-9). Suppose -2*p - 9 = -l*p. Is p a multiple of 9?
True
Let v(h) be the second derivative of -h**5/20 + 3*h**4/4 - h**3/3 - 2*h. Let w be v(8). Is 7 a factor of (-5 - -3) + w/3?
True
Let u be (4/4)/((-3)/9). Is 7 a factor of (-66)/u - (-4 + 7)?
False
Let y = -69 + 99. Let k = 51 - y. Suppose -w = 2*w - k. Does 4 divide w?
False
Let h(l) be the second derivative of l**5/60 - l**4/24 - 2*l**3/3 + l**2/2 + 2*l. Let v(j) be the first derivative of h(j). Is v(-5) a multiple of 13?
True
Suppose 0 = -i - 53 + 6. Let u = 72 + i. Is u a multiple of 9?
False
Let d = 10 + -3. Suppose 0*m + 4*m = 72. Suppose d*l - m = 4*l. Is l a multiple of 4?
False
Suppose 2*m = m + 112. Is 24 a factor of m?
False
Let v(i) = i**3 - i**2 - i - 2. Let l be v(2). Suppose h + 2*h - 162 = l. Suppose -5*q + 3*q = -h. Does 12 divide q?
False
Let l = 6 - 3. Suppose l*b = 7*b - 4*g, -5*b = g. Suppose 5*i - 2*f - 90 = b, 2*i - 5*i + 4*f + 40 = 0. Is i a multiple of 12?
False
Is 15 a factor of 59 + -10 + -2*(-2)/(-1)?
True
Let a be 64/6*(-15)/(-2). Let z = a + -30. Is z a multiple of 25?
True
Let q(l) = -7*l + 1. Suppose 2*m = 5*j + 16, 4*m - 3*m - 1 = -j. Let v be q(j). Suppose 3*b - 9 = v. Is 6 a factor of b?
False
Suppose 0 = q + 3*q - 16. Suppose -q*p + 2*p = -16. Is p a multiple of 8?
True
Let s = -32 - -54. Suppose -9 - s = -2*u + 5*v, 5*v + 15 = 0. Is 5 a factor of u?
False
Suppose 30 - 155 = -5*q. Is q a multiple of 25?
True
Let q = 2 - -5. Suppose k + v + 18 = -1, k = 5*v - q. Let c = 9 - k. Is 13 a factor of c?
True
Let r = -50 + 54. Is 4 a factor of r?
True
Let v(b) be the second derivative of b**4/12 + b**3/6 + 19*b**2/2 - 18*b. Suppose -5 = 5*d, 0 = 4*y + 2*d + d + 3. Is 9 a factor of v(y)?
False
Let b(h) = 3*h**2 + 1. Suppose 0 = -i + 1, t + 2*i + 4 = 10. Suppose t*u - 2 - 2 = 0. Does 3 divide b(u)?
False
Let m be 0 + 1 + -6 + 8. Suppose -14 = -4*r + m*r. Is 12 a factor of r?
False
Let a be 2/5 - 6/15. Suppose 0*y = -4*o - 2*y + 20, a = -4*o - 3*y + 20. Suppose -38 = -3*i - o. Does 11 divide i?
True
Let c(t) = -7*t**3 + t**2 - 1. Let q = -6 - -8. Suppose -5*h - q = -u, 4*h + 4*u + 16 = -0*u. Is c(h) a multiple of 3?
False
Suppose 3*o + 2*o + 403 = -p, -3*p - 4*o - 1264 = 0. Is 28 a factor of 11/55 + p/(-10)?
False
Suppose 5*r = r - 5*d + 33, -21 = 2*r - 5*d. Suppose -43 = -y + r. Does 16 divide y?
False
Let x(k) = 4*k + 4. Suppose -2*y - 15 = -r, 5*r + 2*y - 1 = 26. Does 11 divide x(r)?
False
Suppose 25 = 5*w + 15. Does 2 divide w?
True
Suppose -4*w + 78 = -3*i, -5*w + 76 = -w - 4*i. Does 3 divide w?
True
Suppose t + 13 = -8. Is 10 a factor of 0 - t - (0 + 2)?
False
Let t be (-2)/5*(-35)/(-1). Let n = t - -34. Is n a multiple of 20?
True
Let a(f) = -43*f + 1. Let z be a(-2). Suppose 0 = -y - 2*y + z. Is 10 a factor of y?
False
Let c(y) be the first derivative of -y**2/2 + 2*y + 3. Is c(-2) a multiple of 2?
True
Let w = -1 - -17. Is w a multiple of 8?
True
Suppose -5*l - 4*a + 14 = 0, -l + 9 = 2*l + 3*a. Let d be (0 - 2)/(l/(-2)). Does 7 divide (2 - -8)/(d/2)?
False
Suppose 40 = -4*h + 8*h. Suppose c - 1 = h. Is c a multiple of 11?
True
Let b be (1 - -1) + 51/3. Is (-2 - -2 - b)/(-1) a multiple of 17?
False
Suppose 2*z - 2*t - 84 = 0, -2*z + 3*t + 0*t + 86 = 0. Suppose u + 3*u = z. Does 5 divide u?
True
Suppose 3*j = 17 - 2, 5*c + 4*j = 670. Suppose -x = 5*b - c, -x - 3*x = -2*b + 52. Is b a multiple of 11?
False
Suppose 0*x = 3*x + 84. Let z = 1 + x. Let b = -8 - z. Is b a multiple of 9?
False
Let d = -77 - -47. Let a(w) = -5*w**2 - 3*w - 4. Let u be a(3). Let r = d - u. Is 11 a factor of r?
False
Suppose -4*j = 4*g + 48, 3*g = g - 3*j - 21. Let x = 0 - g. Is 12 a factor of x?
False
Suppose -3*i = -15, -2*c + 2*i - 13 = -3*c. Suppose -2*d + c*k = 3*d - 352, 4*d = -k + 268. Suppose -d = -3*a - a. Is a a multiple of 17?
True
Suppose 4*z = 3*n - 19, 0 = -2*z - 3*n - 29 + 6. Let d(m) = -5*m - 1. Is 17 a factor of d(z)?
True
Let m be (-2)/(-7) - (-672)/49. Let u be 254/(-7) - (-4)/m. Let n = 71 + u. Is n a multiple of 12?
False
Suppose 2*k + 2*k = c - 52, -k - 64 = -c. Does 12 divide c?
False
Let t(v) = v**3 + 16*v**2 + 12*v. Does 9 divide t(-15)?
True
Let l(g) = -2*g**3 + g**2 + 2*g + 1. Let j be l(-3). Let y = 82 - j. Does 13 divide (-210)/y*(-5 - -1)?
False
Let z(w) = 2*w**2 - 8*w + 1. Let g be z(6). Let q = 5 + g. Does 10 divide q?
True
Suppose 2*t - 3*t - 5*j + 57 = 0, j = -5*t + 357. Suppose -2*k + t = 24. Is 8 a factor of k?
True
Let k(h) be the first derivative of 19*h**2/2 - 2*h - 1. Let v be k(4). Suppose -5*t + v = -86. Is t a multiple of 16?
True
Suppose 12*r = 5*r + 658. Does 11 divide r?
False
Suppose 3*r = 307 - 19. Is 24 a factor of r?
True
Let x = -14 + 7. Let u(o) = -4*o - 7. Is u(x) a multiple of 13?
False
Suppose 0*y = -4*y + 8. Suppose -y*i + 3*i + 4 = 0. Is 6 a factor of (-9)/(2 + 11/i)?
True
Let m be 16/24 + 14/6. Suppose m*r + 2*d - 60 = r, -d - 54 = -2*r. Is 15 a factor of r?
False
Let c(u) = 4*u + 2*u**2 + u - u - 4. Let z be 6/(-1) + (3 - 1). Does 6 divide c(z)?
True
Let r(u) = u + 5. Let z be r(-10). Is 15 a factor of z/(-5) - (-86)/2?
False
Let b(a) = -a**2 - a. Let z be b(-1). Is 5 a factor of (-15 + z)/(6/(-4))?
True
Does 14 divide -6*(-7)/2*1?
False
Let s be 5/(-3) - (-2)/3. Does 7 divide (1/(-2))/(s/28)?
True
Suppose 3*u = 22 + 32. Suppose -w - w = -u. Is 4 a factor of w?
False
Let a(r) be the second derivative of r**3/6 + 4*r**2 + 3*r. Let k be a(-6). Suppose 0*b + 16 = k*b. Does 4 divide b?
True
Let p be 17 + 3/1 + -3. Let g = -9 + p. Is 8 a factor of g?
True
Suppose y = 0, 0 = 3*c - 2*y + 8 + 1. Suppose g + 2*p - 28 = 0, -g + 95 = 4*g + p. Let j = c + g. Is j a multiple of 7?
False
Let n = 5 + -2. Let r = n + 3. Does 3 divide r?
True
Let k = -340 - -480. Let m = k - 96. Does 11 divide m?
True
Let c = 43 + -13. Is c a multiple of 15?
True
Suppose 5*t - 8 = 12. Let a = t + -7. Is 3 a factor of 3*-4*2/a?
False
Let x = 15 + -11. Let k be 34/12 + x/24. Suppose -k*i + 21 = -33. Is i a multiple of 18?
True
Let f be (-2)/7 + 3624/42. Let l = f + -52. Is 16 a factor of l?
False
Let q = 6 - 3. Suppose 5*z - 2*x + 11 + 0 = 0, -6 = 4*z - q*x. Is -2 + (-3)/z + 25 a multiple of 12?
True
Suppose 2*h + j + 1 = 5, -5*h + 20 = 5*j. Suppose h = -i - 3*c + 26, 26 - 79 = -4*i + 5*c. Is i a multiple of 7?
False
Suppose 2*g - 131 - 99 = 0. Is g a multiple of 6?
False
Suppose -11*n + 325 = -6*n. Suppose -n = -4*g + 5*j, -26 = -g - g - 4*j. Is g a multiple of 5?
True
Suppose 2 = 2*z + 146. Let l = z - -111. Does 10 divide l?
False
Let s(i) be the third derivative of i**5/60 - i**3/6 - 8*i**2. Is s(-3) a multiple of 2?
True
Let q(h) = -96*h + 4. Does 8 divide q(-1)?
False
Let j = -8 + 6. Does 15 divide (15/j)/(4/(-8))?
True
Suppose 0 = -c + 2*k + 312, -3*k - 1125 + 201 = -3*c. Is 16 a factor of c?
True
Let p(j) be the first derivative of j**5/120 + 3*j**4/8 - j**3/3 - 1. Let n(l) be the third derivative of p(l). Is 5 a factor of n(-4)?
True
Let b(c) = -c**3 - 2*c**2 + 6*c - 8. Let p(u) = u**3 + 2*u**2 - 5*u + 7. Let z(y) = -5*b(y) - 6*p(y). Does 7 divide z(-3)?
True
Is 24 + (3 - (-15)/(-5)) a multiple of 23?
False
Suppose -c + 2*v = 4*c - 478, -2*v = -c + 94. Is 12 a